+ 2 + -9
-15
Evaluate 7 + (-4 - -2) + 3 + -12.
-4
23 + -3 + -16 + (4 + 0 - 12)
-4
What is the value of 5 + (1 + -12 - (11 - (-7 + 14)))?
-10
-13 + 4 + (10 - 2)
-1
Calculate 727 + -737 + 3 + -1.
-8
Calculate -5 - -11 - (-67 - -66).
7
What is the value of -23 + 11 + 20 - 3 - (2 - -2)?
1
Evaluate (487 - 478) + (-2 - (2 - (2 - 0))).
7
-2 - (0 - -1 - 5) - (-1067 + 1073)
-4
What is the value of (6 - 4) + 0 - -16 - (18 - 13)?
13
Evaluate (18 - 40) + 19 - (-1 - (1 + 9)).
8
Evaluate 0 + 5 - ((-7 - 10) + 37).
-15
What is 4 + (9 - (-6 + 2 - 4))?
21
573 + -555 - (32 + 1)
-15
What is the value of 3 - (13 - (26 + -18))?
-2
Calculate 4 - ((-9 - 0 - -12) + -13).
14
(10 - -1) + (-2 + -3 - 2 - -6)
10
What is the value of (2 - -4 - -1) + (9 - 1)?
15
-26 + -18 + (5 - -65)
26
What is 21 + (-8 - -3) + -5?
11
What is 1 + (2 + -12 - -2) + (832 - 828)?
-3
What is the value of (27 - -9) + -75 - -27?
-12
Calculate (23 - 67) + 26 + 1.
-17
Calculate -1 + 8 - (12 - (4 - -11)) - 30.
-20
Calculate (-1 - -1) + -12 - -9.
-3
What is the value of -3 + 21 + -4 + (10 - 13)?
11
What is (25 - (-27 + 29)) + 1?
24
Evaluate (-73 - (1 - 39)) + 20.
-15
What is the value of -8 - (-5 - 0) - (20 + -16) - 5?
-12
What is the value of 15 - (-1 + 0 + -5 + -3 - -15)?
9
Evaluate -6 - (-13 + 30 + -24).
1
What is the value of 7 - (7 + -25 - -8 - -19)?
-2
-3 - -38 - 15 - 32 - -9
-3
Evaluate -2 - ((-10 - -16) + -6).
-2
Evaluate -1 + -25 - (-68 - (-104 + 53)).
-9
Calculate 11 + 0 + 9 + (-61 + 5 - -16).
-20
What is the value of -5 + 3 + (5 - (-25 + 0)) + -5?
23
What is (5 - -2) + (-14 - -13) - (-2 - 1)?
9
What is the value of -4 + 20 + -8 - (2 - (8 - 7))?
7
Evaluate 57 - (35 + 3) - 51.
-32
What is the value of 5 + 18 + -16 - 15?
-8
What is -13 + 13 + (-4 + (-4 - -9) - 1)?
0
What is the value of 1 - -4 - -8 - (9 + 0)?
4
What is (-49 - -14) + 19 - -14?
-2
What is the value of 16 + -19 + (18 - 8) + 12?
19
Evaluate 3 + (0 - (10 - 6)) + 8.
7
Calculate -311 + 322 - (-1 + -5 - -1).
16
(-9 + -41 - -4) + 67
21
(-8 - 11) + 10 - -5
-4
What is (25 - 3) + -5 + 13?
30
Evaluate 6 + 3 + -14 + 3 + 3 + -10.
-9
Evaluate 9 + 1 - ((12 - 0) + -20).
18
2 - 1 - 8 - -9
2
1 + -3 + 1 + (2 - (21 - 15))
-5
What is 1 + (10 - 1) - (9 + -13) - 4?
10
What is -28 + (-7 - -26 - 9)?
-18
Evaluate 10 + 3 + (5 - 4) + -3.
11
Calculate -10 + (-42 - -26 - -7).
-19
What is the value of -1 - ((-4 - -13) + -6 + -12 + -5)?
13
Calculate -49 + (19 - -15) - -26.
11
(3 + -4 - -1) + 10 - (14 - 13)
9
What is -1 + -7 + (100 - 91)?
1
Calculate -3 + (2 - 8) + 3.
-6
Evaluate (-1 - -18) + (-13 + 18 - -2 - 14).
10
15 - (-1 - -14 - (-36 + 45) - -1)
10
What is the value of -37 + (-2 - -32) + (10 - 0)?
3
16 - (4 + (2 - 6) + 10)
6
Evaluate (-40 - 31 - -61) + (0 - 6).
-16
What is 0 - (-12 + 22) - (-3 + -6)?
-1
Evaluate 2 - (-17 - (-13 - -4) - -12) - 10.
-12
What is the value of -12 + 11 + (-1 - 2 - -2)?
-2
What is the value of -3 - ((-8 - -1) + -5 - 1)?
10
Evaluate -23 - (-57 - -39 - -19).
-24
(22 - 41) + 12 + -4 - 18
-29
Evaluate 4 + 6 + (-12 - (7 - 17)).
8
What is the value of 11 + 13 + (6 - 38)?
-8
-12 + (-13 - -22 - 8)
-11
Calculate 0 + 1 - 13 - (-38 + (79 - 33)).
-20
What is the value of -51 + 46 + 1 + -28?
-32
What is 31 - (37 - 11) - (1 - 1)?
5
-14 + (-2 - (-4 - -7) - (4 + -2))
-21
-9 + 14 - (38 - (8 - (10 + -4)))
-31
What is the value of -4 - -12 - 5 - -20 - 0?
23
What is the value of 32 + -14 + (-3 - -2) - 9?
8
What is the value of 0 - (-7 + (-1 - (-4 - -10) - -18))?
-4
-13 - ((-24 - -1) + 14)
-4
What is the value of 24 - 17 - (3 + (-6 - -9))?
1
10 - (-11 + 9 + (1 - -1) + -4)
14
Evaluate 11 - -2 - (-158 + 173).
-2
Calculate 15 - (41 + -36) - (0 - -17).
-7
Calculate -12 - (-5 + -2) - 4.
-9
What is the value of (3 - 5) + (1 - (-11 + 7 + 5))?
-2
Evaluate (2 - 1) + (235 - 253).
-17
What is 19 + -9 + -19 + 11?
2
17 + -19 + 11 + 5 + -1
13
What is 4 + (2 - (-4 - 4) - 6) + -9?
-1
What is the value of -12 + 0 - (102 - 103)?
-11
What is 22 - (8 + 2 + (-9 - -5))?
16
Evaluate -14 + 40 + -69 - -30.
-13
What is the value of -2 - (16 + -20 + (11 - -1) + 4)?
-14
0 + -5 + (-1 - -8) + 1 + 3
6
-7 - (-1 + 2 + (13 - 17) + 2)
-6
What is the value of (-2 - (23 - 19)) + 9 + 1?
4
What is -22 - (-46 + -11 - -20)?
15
Evaluate -8 + (2 - -5) + (47 - 34).
12
Calculate 27 - -4 - (34 + -7).
4
What is the value of 3 + 1 - (0 + -25 - -31)?
-2
What is the value of (32 - -1 - (183 - 172)) + -5?
17
Calculate 138 - 127 - (1 + (29 - 0)).
-19
(-2 - -1) + 10 + -1260 + 1234
-17
What is the value of (13 - 50 - (-6 + 0)) + 5 + 4?
-22
What is 5 - 8 - 5 - (4 + -4)?
-8
Calculate (-28 - -5) + 107 + -113.
-29
What is (-3 - (2 + -3)) + 18 + 3 + -30?
-11
Evaluate 10 + 8 - 8 - 19.
-9
Calculate 1 + -8 - (-5 + 0 - 7 - -1).
4
Calculate 14 + (-1 - -12 - (-182 - -180)).
27
What is -3 - (0 + -1 - -3)?
-5
What is 13 + 0 - (2 - -16 - 21)?
16
What is -32 + 1 + 6 + -427 + 430?
-22
Calculate (10 - 10) + 5 - -21.
26
What is (-34 + 38 - (23 + 3)) + 8?
-14
Evaluate 8357 + -8371 + (1 - -9 - 1).
-5
(-8 - (-4 + -3 + 7)) + 67 + -40
19
Calculate (-8 - (2 - -3 - 36)) + -5.
18
-23 - ((6 - 2) + -17)
-10
3 + -4 + 69 + -59
9
Calculate (-10 - -20 - 1) + (0 - (0 + 3)).
6
What is the value of -19 + 8 + 10 + 7 - (-2 - 4)?
12
What is 49 - (2 + -11 - (-9 + -6)) - 9?
34
What is the value of -35 - (-26 + -15 - -23)?
-17
Calculate -1 + 22 + -55 + 53 + -5.
14
What is 7 - (14 + -23 + (13 - 2))?
5
Calculate 1 + (-8 - (-2 + (-12 - -8))) - -36.
35
Calculate 1 + (-3 - (0 + 9)).
-11
What is the value of (29 - 0) + (5 - -25 - 32)?
27
Calculate (14 - 51) + 37 - (1 + (-3 - 11)).
13
What is 1 + -3 + 2 - (40 - -4 - 45)?
1
What is the value of (7 - -2) + -11 + 10?
8
Calculate 3 + 73 + -33 - 16.
27
Evaluate -4 + (-1 + -12 - -9 - -7).
-1
-27 + (25 - (22 + -14))
-10
27 - 20 - ((5 - 10) + 14)
-2
2 + -4 + -3 - (79 + -79)
-5
What is (103 - 82) + (0 - 16)?
5
Calculate -4 - -9 - (-7 + 14 + -10 - 5).
13
What is the value of -17 - -2 - -20 - (31 + -7)?
-19
Evaluate -26 - (-45 + 33 + (-2 - -8 - 1)).
-19
Calculate 18 + (-21 - -13 - -22) + -6.
26
12 + -6 + (2 - -2) - (-1 - -2)
9
-13 + (15 - 1) - 3
-2
What is the value of -3 + 3 + 0 + (18 - 9 - 8)?
1
Evaluate (-32 - (-69 + 47)) + (-2 - (-1 + 17)).
-28
What is (3 - 1) + -159 + 153?
-4
Evaluate -2 + (11 - 1) + (-176 - -160).
-8
3 + 31 + 0 + -29
5
(9 + -2 + -9 - 7) + 7 - 11
-13
16 + 2 + 15 + -32
1
What is the value of 16 + 22 + (-11 - 8)?
19
What is -5 + (3 - 0 - (-45 + 15)) + -8?
20
Evaluate 8 - (3 - 4) - (-10 + 4 + 0).
15
Calculate (7 - -135) + -147 - (0 + 8 - 1).
-12
19 - ((-14 - 1) + 34 + -11)
11
Evaluate 38 + (-67 - (-41 - -19)).
-7
Evaluate (7 - (27 + -20)) + 1.
1
What is the value of 9 - (-8 - (-5 + -9))?
3
What is 1 - (-2 - 7 - (-20 + (-1 - -8)))?
-3
Evaluate -7 - ((-84 - -63) + (2 - 0)).
12
0 - (24 + (-1 - 10) + -8)
-5
(4 - (-11 - -6)) + -4 + (-6 - 1)
-2
What is -1 + (-14 - -19) + 5 + 18?
27
18 + -36 + -17 + 48
13
Evaluate (0 + -12 - (12 + -17)) + 7.
0
What is -1 - -2 - (1 - (-12 + 10))?
-2
Calculate 4 + -17 + 7 - (2 - 1) - -41.
34
3 + (17 - (-4 - -8))
16
Calculate 3 + 1 + -5 - (73 - 84).
10
What is -12 + (3 + -4 - (6 + -10)) + 1?
-8
What is (1 - 16) + (-317 - -312)?
-20
-10 - (8 + (-6 - 8))
-4
Calculate -10 - (-28 + (38 - 13) + -10).
3
-8 - -1 - (18 + 5 + -3 + -22)
-5
What is the value of 18 + -1 + 40 + -46?
11
Calculate (6 - 6) + 10 + -4 - 4.
2
Evaluate (-16 - (3 + 1)) + 30.
10
Evaluate -19 - -10 - (2 - (6 - -2)) - -30.
27
What is (-3 - -2) + 14 - ((5 - 22) + 22)?
8
-8 - (3 + -6 - (5 + -6 - -3))
-3
What is the value of -43 + 65 + -10 + -1?
11
Calculate (-3 - -3) + 4 - (-5 - (3 + -13)).
-1
(-51 - -32) + 41 - (-3 - (-4 + 8))
29
Calculate -11 - (31 + 35 + -91).
14
Calculate (100 - 91) + -13 + -3 + 2.
-5
25 - (12 - (8 + 9 + -13))
17
Evaluate (26 - (-25 - -51)) + -4.
-4
Calculate -8 + (-14 + 10 - -10).
-2
Evaluate (-11 - 3) + 24 + -16 + 17 + 1.
12
Calculate -4 + 9 - (25 - -4 - (5 + -5)).
-24
What is -8 - (-13 - 3) - (4 - 4)?
8
Evaluate -31 + (8 - -16) - (4 - (-1 + 1)).
-11
What is the value of -6 + (0 + -3 - (4 + -37 + 9))?
15
What is the value of -42 - -56 - ((-10 - 0) + 41)?
-17
3 + (53 - 33) + -41
-18
Calculate 28 + (-28 - -8) - (-9 + 1).
16
(6 - (-17 - 5)) + 58 + -71
15
What is (-12 - -1 - (-516 - -502)) + (1 - 0)?
4
Calculate 49 - (14 + 19) - -10.
26
Evaluate 12 - (-8 - (-28 + 14)).
6
What is 6 - -18 -